hat is -3031 - 22303?
-32000
In base 3, what is -2111 - -2212221?
2210110
In base 4, what is -2103 + -200?
-2303
In base 9, what is -71811 - 62?
-71873
In base 5, what is -1421 + 43?
-1323
In base 10, what is 976745 + 3?
976748
In base 14, what is -5 - -15779?
15774
In base 7, what is -1 + 155100?
155066
In base 7, what is 30 + 4315?
4345
In base 16, what is 29c + -883?
-5e7
In base 16, what is 340a8 - -2?
340aa
In base 3, what is -110120001 + 0?
-110120001
In base 13, what is -2 - -3376?
3374
In base 10, what is -6449 + 38?
-6411
In base 7, what is -313 - 4036?
-4352
In base 9, what is -4 - 707021?
-707025
In base 7, what is 12021 + -1033?
10655
In base 5, what is -34 - 114113?
-114202
In base 3, what is 222201210 + 1010?
222202220
In base 7, what is -122501 + 12?
-122456
In base 11, what is -8a86a6 - 4?
-8a86aa
In base 9, what is -6461177 - -3?
-6461174
In base 12, what is 665 + -71?
5b4
In base 15, what is -5 - -ac34?
ac2e
In base 16, what is -20f6e0 + -3?
-20f6e3
In base 5, what is -42422232 + 10?
-42422222
In base 11, what is -657 - 81?
-728
In base 8, what is 1416 + -5023?
-3405
In base 12, what is b0 - 436?
-346
In base 2, what is 1000100101101 - -11010101?
1001000000010
In base 6, what is -3 - -212134?
212131
In base 3, what is 2000011 + -12?
1222222
In base 4, what is -21000130 - 3?
-21000133
In base 11, what is 5 - -8353?
8358
In base 9, what is 0 + 825223?
825223
In base 12, what is 1 - 12664?
-12663
In base 15, what is -1 + 5c34?
5c33
In base 9, what is -1107231 - 4?
-1107235
In base 12, what is 65 - -656?
6bb
In base 13, what is 206a1c - -5?
206a24
In base 2, what is 11001000000111011 - 0?
11001000000111011
In base 5, what is -120 - -32101?
31431
In base 13, what is -cc - -192?
93
In base 2, what is -1101000 + -101110000110?
-101111101110
In base 8, what is -11 + -720?
-731
In base 16, what is 0 + -599b1?
-599b1
In base 8, what is -6 - 602643?
-602651
In base 13, what is 5 + -122?
-11a
In base 16, what is f + 7088d?
7089c
In base 13, what is 33 - -2301c?
23052
In base 2, what is 10100001010 - 1000?
10100000010
In base 11, what is -a0 + 1380?
1290
In base 7, what is -1162 + -1011?
-2203
In base 12, what is -8 + 3a9928?
3a9920
In base 7, what is 26 - -1445231?
1445260
In base 15, what is -98 + -1c9?
-272
In base 8, what is 15 - 237541?
-237524
In base 5, what is -334 + 1334110?
1333221
In base 9, what is 5 - -40002?
40007
In base 6, what is 105 + 543131?
543240
In base 7, what is 0 - 4210?
-4210
In base 3, what is -1221020121 + -2011?
-1221022202
In base 11, what is 10 + -2700?
-26a0
In base 16, what is a7 + -ac4?
-a1d
In base 8, what is -1536 + -11?
-1547
In base 15, what is -1 - -16733?
16732
In base 11, what is 836 + 1aa3?
2829
In base 5, what is 2243 - 1142?
1101
In base 12, what is -1b4b + -60?
-1bab
In base 2, what is 100011001110101 - -1001?
100011001111110
In base 6, what is -5135 - -100?
-5035
In base 6, what is 150 - -21435?
22025
In base 16, what is 295 - -13f1?
1686
In base 8, what is 22672 - 12?
22660
In base 13, what is -181 + 24?
-15a
In base 9, what is 353 + 16576?
17040
In base 14, what is -5 - -a9b?
a96
In base 8, what is 50172 - 4?
50166
In base 12, what is -18446 - 1?
-18447
In base 5, what is 33322 + -110?
33212
In base 16, what is -1 - -48a1?
48a0
In base 4, what is 11 - 1013220120?
-1013220103
In base 5, what is 11 + 2224430?
2224441
In base 14, what is 2 + -321c5?
-321c3
In base 11, what is -115a18 + -1?
-115a19
In base 16, what is 5c7b + -3?
5c78
In base 9, what is 175077 + 1?
175078
In base 12, what is -b25a + -b?
-b269
In base 4, what is -1 - -3213320?
3213313
In base 9, what is -12 - -187688?
187676
In base 8, what is 50 + -265?
-215
In base 10, what is -610 - 1406?
-2016
In base 13, what is -1 + 328b3?
328b2
In base 5, what is -2333134 + -20?
-2333204
In base 7, what is -1 + 16561?
16560
In base 16, what is 4a4 - 184?
320
In base 5, what is -1041023 - 442?
-1042020
In base 8, what is -3 - -450136?
450133
In base 13, what is -66cb8 + 2?
-66cb6
In base 5, what is -1 + -1032121?
-1032122
In base 5, what is -20001 - -11021?
-3430
In base 15, what is -b37 - -861?
-2c6
In base 7, what is 5 + -2630355?
-2630350
In base 12, what is 1 - 2136?
-2135
In base 2, what is -11111101100011011 + 101?
-11111101100010110
In base 14, what is -1 - -5326d?
5326c
In base 7, what is -5 - 13134446?
-13134454
In base 3, what is 11 - -2110010222111?
2110010222122
In base 5, what is 2 + -20111221?
-20111214
In base 14, what is 157b2a + 3?
157b2d
In base 8, what is 5 - 443606?
-443601
In base 6, what is -2 - 14130512?
-14130514
In base 7, what is 4123 + 32?
4155
In base 15, what is 1c6 + d8?
2ae
In base 4, what is -2 + -11320131312?
-11320131320
In base 14, what is 2 - 1c2c60?
-1c2c5c
In base 5, what is 12 - 2133401?
-2133334
In base 8, what is -257 - 12012?
-12271
In base 16, what is 314 + -15?
2ff
In base 15, what is 15 + -e4ad?
-e498
In base 16, what is 2 - -1cfbd?
1cfbf
In base 7, what is 56 - -1515?
1604
In base 14, what is -25156 + 5?
-25151
In base 16, what is d74b + -d?
d73e
In base 9, what is -2 - -5431?
5428
In base 10, what is 222557 - -3?
222560
In base 9, what is 1345 - 3?
1342
In base 14, what is a + -4c25?
-4c19
In base 12, what is -8 + -2373?
-237b
In base 6, what is -5525 + -5455?
-15424
In base 2, what is -10001001011 - 10110?
-10001100001
In base 10, what is -14653 + 6?
-14647
In base 11, what is 3 + 138942?
138945
In base 2, what is -1 + 10010011010101?
10010011010100
In base 11, what is 430825 - -2?
430827
In base 11, what is 3 - -394335?
394338
In base 3, what is -11 + -1020100112?
-1020100200
In base 8, what is 2 - -121402?
121404
In base 10, what is -33340 + 4?
-33336
In base 15, what is 33 - 17c9?
-1796
In base 3, what is -22202210210000 - -12?
-22202210202211
In base 9, what is -25375 - 5?
-25381
In base 11, what is -17 + 1a99?
1a82
In base 10, what is 8914 + 76?
8990
In base 6, what is -4532 - -303?
-4225
In base 14, what is -14 - -12bc0?
12baa
In base 8, what is 336 + 415?
753
In base 7, what is -301 - 11302?
-11603
In base 9, what is -208 - 3035?
-3244
In base 7, what is 1106134 + 3?
1106140
In base 13, what is 3349c0 - -3?
3349c3
In base 14, what is 3603 + -19?
35c8
In base 15, what is 4b3a - -7a?
4bb5
In base 9, what is 10 - -21081?
21101
In base 9, what is -13424 - -27?
-13386
In base 5, what is 104 + 140014?
140123
In base 11, what is -872 + 41?
-831
In base 14, what is 1a1 + a6?
267
In base 2, what is -10001110000000100111 + 101?
-10001110000000100010
In base 15, what is -1dad + -2?
-1db0
In base 15, what is -9 - 12c43?
-12c4c
In base 2, what is -1001100 + 111110001001?
111100111101
In base 12, what is -26 + 2131?
2107
In base 15, what is -10 - 2aea?
-2b0a
In base 11, what is 3069a1 - -8?
3069a9
In base 15, what is 24a + 1ad?
408
In base 13, what is 47 + -35?
12
In base 8, what is -5 - -15664?
15657
In base 6, what is -2541431 + 1?
-2541430
In base 10, what is 7 - -16651?
16658
In base 10, what is 7084 - -1?
7085
In base 4, what is 3 - 1001201232?
-1001201223
In base 7, what is -3103041 + -4?
-3103045
In base 16, what is 7d77 - 2?
7d75
In base 10, what is 1837 + -15?
1822
In base 6, what is 351 + -13205?
-12414
In base 4, what is -10110300 - 13?
-10110313
In base 9, what is -783 + -3231?
-4124
In base 15, what is 54a + -31?
519
In base 5, what is 3023122 + -3?
3023114
In base 8, what is 244 + 552?
1016
In base 7, what is 2201 + -13?
2155
In base 7, what is 5212211 + 2?
5212213
In base 9, what is 28 - -18?
47
In base 12, what is 20263 + 5?
20268
In base 14, what is -32b + -11?
-33c
In base 15, what is -49 + 193?
149
In base 7, what is 3 + -140625?
-140622
In base 4, what is -1 - 110233012?
-110233013
In base 6, what is 4541000 - 1?
4540555
In base 11, what is -2a - 280?
-2aa
In base 5, what is -23131444 + 3?
-23131441
In base 12, what is -5 - 5a6b?
-5a74
In base 6, what is -2101 + 554?
-1103
In base 2, what is -110010011110101 + 100?
-110010011110001
In base 15, what is 21c + 46?
263
In base 15, what is -23c60 - -5?
-23c5a
In base 5, what is -4 + -442244?
-442303
In base 3, what is 11 - -222201?
222212
In base 3, what is 1 - 20100020?
-20100012
In base 5, what is 203 + -14234?
-14031
In base 2, what is -100 + -11100111001001?
-11100111001101
In base 5, what is -1 - -20104312?
20104311
In base 16